{"id":170,"date":"2019-08-07T23:35:19","date_gmt":"2019-08-07T21:35:19","guid":{"rendered":"http:\/\/villavista.pl\/?page_id=170"},"modified":"2025-12-19T13:51:09","modified_gmt":"2025-12-19T12:51:09","slug":"kontakt-villa-vista-zakopane","status":"publish","type":"page","link":"https:\/\/villavista.pl\/index.php\/kontakt-villa-vista-zakopane\/","title":{"rendered":"Kontakt Villa Vista"},"content":{"rendered":"\n<p>Skontaktuj si\u0119 z nami \u2013 Villa Vista Apartamenty &amp; SAUNA Zakopane<\/p>\n\n\n\n<p><strong>Villa Vista Apartamenty &amp; SAUNA Zakopane<\/strong><br>\ud83d\udccd ul. Tatary 35A, 34-500 Zakopane<\/p>\n\n\n\n<p>\ud83d\udcde <strong>Telefon:<\/strong> +48 533 033 130<\/p>\n\n\n\n<p>Chcesz zarezerwowa\u0107 pobyt lub masz pytania dotycz\u0105ce naszych apartament\u00f3w? <strong>Skontaktuj si\u0119 z nami ju\u017c dzi\u015b<\/strong> \u2013 nasz zesp\u00f3\u0142 ch\u0119tnie udzieli wszystkich informacji i pomo\u017ce w rezerwacji wymarzonego pobytu w Zakopanem!<\/p>\n\n\n\n<figure class=\"wp-block-image size-large\"><img loading=\"lazy\" decoding=\"async\" width=\"1024\" height=\"576\" src=\"https:\/\/villavista.pl\/wp-content\/uploads\/2023\/01\/villavistanoczakopana-1024x576.jpg\" alt=\"villa vista zakopane krup\u00f3wki\" class=\"wp-image-600\" srcset=\"https:\/\/villavista.pl\/wp-content\/uploads\/2023\/01\/villavistanoczakopana-1024x576.jpg 1024w, https:\/\/villavista.pl\/wp-content\/uploads\/2023\/01\/villavistanoczakopana-300x169.jpg 300w, https:\/\/villavista.pl\/wp-content\/uploads\/2023\/01\/villavistanoczakopana-768x432.jpg 768w, https:\/\/villavista.pl\/wp-content\/uploads\/2023\/01\/villavistanoczakopana-1536x864.jpg 1536w, https:\/\/villavista.pl\/wp-content\/uploads\/2023\/01\/villavistanoczakopana-2048x1152.jpg 2048w\" sizes=\"auto, (max-width: 767px) 89vw, (max-width: 1000px) 54vw, (max-width: 1071px) 543px, 580px\" \/><figcaption class=\"wp-element-caption\">Apartamenty Villa Vista Zakopane Krup\u00f3wki<\/figcaption><\/figure>\n\n\n\n<figure class=\"wp-block-image size-large\"><img loading=\"lazy\" decoding=\"async\" width=\"1024\" height=\"367\" src=\"https:\/\/villavista.pl\/wp-content\/uploads\/2023\/01\/IMG_20190629_132613-1024x367.jpg\" alt=\"villa vista zakopane apartamenty sauna\" class=\"wp-image-622\" srcset=\"https:\/\/villavista.pl\/wp-content\/uploads\/2023\/01\/IMG_20190629_132613-1024x367.jpg 1024w, https:\/\/villavista.pl\/wp-content\/uploads\/2023\/01\/IMG_20190629_132613-300x107.jpg 300w, https:\/\/villavista.pl\/wp-content\/uploads\/2023\/01\/IMG_20190629_132613-768x275.jpg 768w, https:\/\/villavista.pl\/wp-content\/uploads\/2023\/01\/IMG_20190629_132613.jpg 1500w\" sizes=\"auto, (max-width: 767px) 89vw, (max-width: 1000px) 54vw, (max-width: 1071px) 543px, 580px\" \/><figcaption class=\"wp-element-caption\">villa vista zakopane widok z g\u00f3rnych apartament\u00f3w<\/figcaption><\/figure>\n\n\n\n<figure class=\"wp-block-gallery has-nested-images columns-default is-cropped wp-block-gallery-1 is-layout-flex wp-block-gallery-is-layout-flex\">\n<figure class=\"wp-block-image size-large\"><img loading=\"lazy\" decoding=\"async\" width=\"1024\" height=\"576\" data-id=\"636\" src=\"https:\/\/villavista.pl\/wp-content\/uploads\/2023\/01\/villavista-1024x576.jpg\" alt=\"\" class=\"wp-image-636\" srcset=\"https:\/\/villavista.pl\/wp-content\/uploads\/2023\/01\/villavista-1024x576.jpg 1024w, https:\/\/villavista.pl\/wp-content\/uploads\/2023\/01\/villavista-300x169.jpg 300w, https:\/\/villavista.pl\/wp-content\/uploads\/2023\/01\/villavista-768x432.jpg 768w, https:\/\/villavista.pl\/wp-content\/uploads\/2023\/01\/villavista-1536x864.jpg 1536w, https:\/\/villavista.pl\/wp-content\/uploads\/2023\/01\/villavista-2048x1152.jpg 2048w\" sizes=\"auto, (max-width: 767px) 89vw, (max-width: 1000px) 54vw, (max-width: 1071px) 543px, 580px\" \/><figcaption class=\"wp-element-caption\">Villa Vista Zakopane Apartamenty &amp; SAUNA Krup\u00f3wki Giewont Gubal\u00f3wka<\/figcaption><\/figure>\n\n\n\n<figure class=\"wp-block-image size-large\"><img loading=\"lazy\" decoding=\"async\" width=\"1024\" height=\"576\" data-id=\"634\" src=\"https:\/\/villavista.pl\/wp-content\/uploads\/2023\/01\/villavista2-1024x576.jpg\" alt=\"\" class=\"wp-image-634\" srcset=\"https:\/\/villavista.pl\/wp-content\/uploads\/2023\/01\/villavista2-1024x576.jpg 1024w, https:\/\/villavista.pl\/wp-content\/uploads\/2023\/01\/villavista2-300x169.jpg 300w, https:\/\/villavista.pl\/wp-content\/uploads\/2023\/01\/villavista2-768x432.jpg 768w, https:\/\/villavista.pl\/wp-content\/uploads\/2023\/01\/villavista2-1536x864.jpg 1536w, https:\/\/villavista.pl\/wp-content\/uploads\/2023\/01\/villavista2-2048x1152.jpg 2048w\" sizes=\"auto, (max-width: 767px) 89vw, (max-width: 1000px) 54vw, (max-width: 1071px) 543px, 580px\" \/><\/figure>\n<figcaption class=\"blocks-gallery-caption wp-element-caption\">Villa Vista Zakopane<\/figcaption><\/figure>\n\n\n\n<figure class=\"wp-block-image size-large\"><img loading=\"lazy\" decoding=\"async\" width=\"1024\" height=\"576\" src=\"https:\/\/villavista.pl\/wp-content\/uploads\/2023\/01\/front-villa-vista-1024x576.jpg\" alt=\"villa vista zakopane apartamenty sauna\" class=\"wp-image-606\" srcset=\"https:\/\/villavista.pl\/wp-content\/uploads\/2023\/01\/front-villa-vista-1024x576.jpg 1024w, https:\/\/villavista.pl\/wp-content\/uploads\/2023\/01\/front-villa-vista-300x169.jpg 300w, https:\/\/villavista.pl\/wp-content\/uploads\/2023\/01\/front-villa-vista-768x432.jpg 768w, https:\/\/villavista.pl\/wp-content\/uploads\/2023\/01\/front-villa-vista-1536x864.jpg 1536w, https:\/\/villavista.pl\/wp-content\/uploads\/2023\/01\/front-villa-vista-2048x1152.jpg 2048w\" sizes=\"auto, (max-width: 767px) 89vw, (max-width: 1000px) 54vw, (max-width: 1071px) 543px, 580px\" \/><figcaption class=\"wp-element-caption\">villa vista zakopane apartamenty sauna<\/figcaption><\/figure>\n\n\n<p><script defer async src='https:\/\/cdn.trustindex.io\/loader-cert.js?0f47b5c153ca068d38568254b83'><\/script><\/p>\n","protected":false},"excerpt":{"rendered":"<p>Skontaktuj si\u0119 z nami \u2013 Villa Vista Apartamenty &amp; SAUNA Zakopane Villa Vista Apartamenty &amp; SAUNA Zakopane\ud83d\udccd ul. Tatary 35A, 34-500 Zakopane \ud83d\udcde Telefon: +48 533 033 130 Chcesz zarezerwowa\u0107 pobyt lub masz pytania dotycz\u0105ce naszych apartament\u00f3w? Skontaktuj si\u0119 z nami ju\u017c dzi\u015b \u2013 nasz zesp\u00f3\u0142 ch\u0119tnie udzieli wszystkich informacji i pomo\u017ce w rezerwacji wymarzonego &hellip; <\/p>\n<p class=\"link-more\"><a href=\"https:\/\/villavista.pl\/index.php\/kontakt-villa-vista-zakopane\/\" class=\"more-link\">Czytaj dalej<span class=\"screen-reader-text\"> \u201eKontakt Villa Vista\u201d<\/span><\/a><\/p>\n","protected":false},"author":1,"featured_media":634,"parent":0,"menu_order":0,"comment_status":"closed","ping_status":"closed","template":"","meta":{"footnotes":""},"class_list":["post-170","page","type-page","status-publish","has-post-thumbnail","hentry"],"aioseo_notices":[],"_links":{"self":[{"href":"https:\/\/villavista.pl\/index.php\/wp-json\/wp\/v2\/pages\/170","targetHints":{"allow":["GET"]}}],"collection":[{"href":"https:\/\/villavista.pl\/index.php\/wp-json\/wp\/v2\/pages"}],"about":[{"href":"https:\/\/villavista.pl\/index.php\/wp-json\/wp\/v2\/types\/page"}],"author":[{"embeddable":true,"href":"https:\/\/villavista.pl\/index.php\/wp-json\/wp\/v2\/users\/1"}],"replies":[{"embeddable":true,"href":"https:\/\/villavista.pl\/index.php\/wp-json\/wp\/v2\/comments?post=170"}],"version-history":[{"count":14,"href":"https:\/\/villavista.pl\/index.php\/wp-json\/wp\/v2\/pages\/170\/revisions"}],"predecessor-version":[{"id":881,"href":"https:\/\/villavista.pl\/index.php\/wp-json\/wp\/v2\/pages\/170\/revisions\/881"}],"wp:featuredmedia":[{"embeddable":true,"href":"https:\/\/villavista.pl\/index.php\/wp-json\/wp\/v2\/media\/634"}],"wp:attachment":[{"href":"https:\/\/villavista.pl\/index.php\/wp-json\/wp\/v2\/media?parent=170"}],"curies":[{"name":"wp","href":"https:\/\/api.w.org\/{rel}","templated":true}]}}