{"id":141,"date":"2019-08-07T21:17:55","date_gmt":"2019-08-07T19:17:55","guid":{"rendered":"http:\/\/villavista.pl\/?page_id=141"},"modified":"2025-12-19T13:49:24","modified_gmt":"2025-12-19T12:49:24","slug":"villa-vista-zakopane-apartament-morskie-oko","status":"publish","type":"page","link":"https:\/\/villavista.pl\/index.php\/villa-vista-zakopane-apartament-morskie-oko\/","title":{"rendered":"Apartamenty Zakopane Morskie Oko Villa Vista &#8211; 4 osobowy"},"content":{"rendered":"\n<p>Apartament \u201eMorskie Oko\u201d \u2013 Villa Vista Apartamenty &amp; SAUNA Zakopane<\/p>\n\n\n\n<p>Zapraszamy do <strong><a>Apartamentu \u201eMorskie Oko\u201d w Villa Vista Apartamenty &amp; SAUNA Zakopane<\/a><\/strong> \u2013 komfortowego, przestronnego <strong>apartamentu w Zakopanem<\/strong> przeznaczonego dla maksymalnie 4 os\u00f3b. To idealne miejsce dla rodzin, par lub grup przyjaci\u00f3\u0142, kt\u00f3rzy chc\u0105 po\u0142\u0105czy\u0107 wygod\u0119 z blisko\u015bci\u0105 atrakcji Zakopanego.<\/p>\n\n\n\n<h2 class=\"wp-block-heading\">Lokalizacja Apartamentu \u201eMorskie Oko\u201d<\/h2>\n\n\n\n<p><strong>Villa Vista Apartamenty &amp; SAUNA Zakopane<\/strong> po\u0142o\u017cona jest w presti\u017cowej dzielnicy <strong>Kamieniec\/Tatary<\/strong>, tu\u017c pod Guba\u0142\u00f3wk\u0105. Za budynkiem znajduje si\u0119 las i g\u00f3ra, co zapewnia cisz\u0119 i spok\u00f3j, a w pobli\u017cu przep\u0142ywa g\u00f3rska rzeka <strong>Zakopianka<\/strong>, idealna do spacer\u00f3w i joggingu.<\/p>\n\n\n\n<p>W pobli\u017cu znajduj\u0105 si\u0119 liczne <strong>szlaki turystyczne na Guba\u0142\u00f3wk\u0119<\/strong>, dzi\u0119ki czemu mo\u017cna komfortowo wyruszy\u0107 pieszo i podziwia\u0107 panoram\u0119 Tatr.<\/p>\n\n\n\n<h3 class=\"wp-block-heading\">Odleg\u0142o\u015bci od najwa\u017cniejszych atrakcji:<\/h3>\n\n\n\n<ul class=\"wp-block-list\">\n<li><strong>Krup\u00f3wki<\/strong> \u2013 ok. 1000 m<\/li>\n\n\n\n<li><strong>R\u00f3wnia Krupowa (Sylwester)<\/strong> \u2013 ok. 700 m<\/li>\n\n\n\n<li><strong>Kolej na Guba\u0142\u00f3wk\u0119<\/strong> \u2013 ok. 1000 m<\/li>\n\n\n\n<li><strong>Dworzec<\/strong> \u2013 ok. 900 m<\/li>\n\n\n\n<li><strong>Baseny Termalne<\/strong> \u2013 ok. 1400 m<\/li>\n<\/ul>\n\n\n\n<p>Dzi\u0119ki temu <strong>apartament \u201eMorskie Oko\u201d w Villa Vista Zakopane<\/strong> pozwala zwiedza\u0107 Zakopane pieszo, oszcz\u0119dzaj\u0105c czas i koszty parkowania.<\/p>\n\n\n\n<h2 class=\"wp-block-heading\">Wyposa\u017cenie i komfort apartamentu<\/h2>\n\n\n\n<p><strong>Apartament \u201eMorskie Oko\u201d<\/strong> zosta\u0142 wyposa\u017cony tak, aby pobyt by\u0142 wygodny i przyjemny:<\/p>\n\n\n\n<ul class=\"wp-block-list\">\n<li><strong>Sypialnia:<\/strong> du\u017ce \u0142\u00f3\u017cko dwuosobowe 160 cm z materacem <strong>Exclusive 24 cm<\/strong>, kt\u00f3re komfortowo mie\u015bci r\u00f3wnie\u017c ma\u0142e dziecko.<\/li>\n\n\n\n<li><strong>Dodatkowe \u0142\u00f3\u017cko dwuosobowe<\/strong> \u2013 idealne dla dodatkowych go\u015bci.<\/li>\n\n\n\n<li><strong>Aneks kuchenny:<\/strong> podstawowe przybory kuchenne, czajnik, stolik i krzes\u0142a, umo\u017cliwiaj\u0105ce przygotowanie posi\u0142k\u00f3w.<\/li>\n\n\n\n<li><strong>Telewizor:<\/strong> du\u017cy <strong>kinowy LED Smart TV 65&#8243; 4K<\/strong>, pod\u0142\u0105czony do internetu z dost\u0119pem do przegl\u0105darki internetowej, YouTube, Netflix ( z w\u0142asnym kontem), Ipla i innych aplikacji.<\/li>\n\n\n\n<li><strong>\u0141azienka:<\/strong> prysznic z deszczownic\u0105 i termostatem, WC oraz umywalka.<\/li>\n\n\n\n<li><strong>Bezp\u0142atne WiFi<\/strong> w ca\u0142ym apartamencie.<\/li>\n<\/ul>\n\n\n\n<p>Dzi\u0119ki temu pobyt w <strong>Apartamencie \u201eMorskie Oko\u201d w Villa Vista Zakopane<\/strong> jest komfortowy, nowoczesny i bezstresowy, zar\u00f3wno dla rodzin, jak i dla par czy grup przyjaci\u00f3\u0142.<\/p>\n\n\n\n<figure class=\"wp-block-image\"><img loading=\"lazy\" decoding=\"async\" width=\"1024\" height=\"572\" src=\"https:\/\/villavista.pl\/wp-content\/uploads\/2019\/08\/20190728_160303-1-1024x572.jpg\" alt=\"apartamenty zakopane Morskie Oko\" class=\"wp-image-142\" srcset=\"https:\/\/villavista.pl\/wp-content\/uploads\/2019\/08\/20190728_160303-1-1024x572.jpg 1024w, https:\/\/villavista.pl\/wp-content\/uploads\/2019\/08\/20190728_160303-1-300x168.jpg 300w, https:\/\/villavista.pl\/wp-content\/uploads\/2019\/08\/20190728_160303-1-768x429.jpg 768w, https:\/\/villavista.pl\/wp-content\/uploads\/2019\/08\/20190728_160303-1.jpg 1400w\" sizes=\"auto, (max-width: 767px) 89vw, (max-width: 1000px) 54vw, (max-width: 1071px) 543px, 580px\" \/><figcaption class=\"wp-element-caption\">Morskie Oko Villa Vista Zakopane ma pi\u0119kne widoki na Morskie Oko \ud83d\ude09<\/figcaption><\/figure>\n\n\n\n<figure class=\"wp-block-image\"><img loading=\"lazy\" decoding=\"async\" width=\"1024\" height=\"572\" src=\"https:\/\/villavista.pl\/wp-content\/uploads\/2019\/08\/20190728_160332-1024x572.jpg\" alt=\"apartamenty zakopane Morskie Oko Villa Vista\" class=\"wp-image-143\" srcset=\"https:\/\/villavista.pl\/wp-content\/uploads\/2019\/08\/20190728_160332-1024x572.jpg 1024w, https:\/\/villavista.pl\/wp-content\/uploads\/2019\/08\/20190728_160332-300x168.jpg 300w, https:\/\/villavista.pl\/wp-content\/uploads\/2019\/08\/20190728_160332-768x429.jpg 768w, https:\/\/villavista.pl\/wp-content\/uploads\/2019\/08\/20190728_160332.jpg 1400w\" sizes=\"auto, (max-width: 767px) 89vw, (max-width: 1000px) 54vw, (max-width: 1071px) 543px, 580px\" \/><figcaption class=\"wp-element-caption\"> Za Twoim \u0142o\u017ckiem jest Morskie Oko Villa Vista Zakopane <br><\/figcaption><\/figure>\n\n\n\n<figure class=\"wp-block-image\"><img loading=\"lazy\" decoding=\"async\" width=\"1024\" height=\"572\" src=\"https:\/\/villavista.pl\/wp-content\/uploads\/2019\/08\/20190728_160152-1024x572.jpg\" alt=\"wyposa\u017cenie Apartament Morskie Oko\" class=\"wp-image-144\" srcset=\"https:\/\/villavista.pl\/wp-content\/uploads\/2019\/08\/20190728_160152-1024x572.jpg 1024w, https:\/\/villavista.pl\/wp-content\/uploads\/2019\/08\/20190728_160152-300x168.jpg 300w, https:\/\/villavista.pl\/wp-content\/uploads\/2019\/08\/20190728_160152-768x429.jpg 768w, https:\/\/villavista.pl\/wp-content\/uploads\/2019\/08\/20190728_160152.jpg 1400w\" sizes=\"auto, (max-width: 767px) 89vw, (max-width: 1000px) 54vw, (max-width: 1071px) 543px, 580px\" \/><figcaption class=\"wp-element-caption\"> wyposa\u017cenie Villa Vista Apartamenty Zakopane <\/figcaption><\/figure>\n\n\n\n<figure class=\"wp-block-image\"><img loading=\"lazy\" decoding=\"async\" width=\"595\" height=\"1024\" src=\"https:\/\/villavista.pl\/wp-content\/uploads\/2019\/08\/20190728_160434-595x1024.jpg\" alt=\"Przedpok\u00f3j Villa Vista\" class=\"wp-image-145\" srcset=\"https:\/\/villavista.pl\/wp-content\/uploads\/2019\/08\/20190728_160434-595x1024.jpg 595w, https:\/\/villavista.pl\/wp-content\/uploads\/2019\/08\/20190728_160434-174x300.jpg 174w, https:\/\/villavista.pl\/wp-content\/uploads\/2019\/08\/20190728_160434.jpg 700w\" sizes=\"auto, (max-width: 595px) 100vw, 595px\" \/><figcaption class=\"wp-element-caption\"> Zakopane Villa Vista Zakopane <br><\/figcaption><\/figure>\n\n\n\n<figure class=\"wp-block-image\"><img loading=\"lazy\" decoding=\"async\" width=\"595\" height=\"1024\" src=\"https:\/\/villavista.pl\/wp-content\/uploads\/2019\/08\/20190728_160419-595x1024.jpg\" alt=\"Apartament \u0142azienka Villa Vista\" class=\"wp-image-146\" srcset=\"https:\/\/villavista.pl\/wp-content\/uploads\/2019\/08\/20190728_160419-595x1024.jpg 595w, https:\/\/villavista.pl\/wp-content\/uploads\/2019\/08\/20190728_160419-174x300.jpg 174w, https:\/\/villavista.pl\/wp-content\/uploads\/2019\/08\/20190728_160419.jpg 700w\" sizes=\"auto, (max-width: 595px) 100vw, 595px\" \/><figcaption class=\"wp-element-caption\"> \u0142azienka Villa Vista Zakopane <\/figcaption><\/figure>\n\n\n\n<figure class=\"wp-block-image size-large\"><img loading=\"lazy\" decoding=\"async\" width=\"576\" height=\"1024\" src=\"https:\/\/villavista.pl\/wp-content\/uploads\/2023\/02\/IMG_20200302_114910-576x1024.jpg\" alt=\"aneks kuchenny\" class=\"wp-image-664\" srcset=\"https:\/\/villavista.pl\/wp-content\/uploads\/2023\/02\/IMG_20200302_114910-576x1024.jpg 576w, https:\/\/villavista.pl\/wp-content\/uploads\/2023\/02\/IMG_20200302_114910-450x800.jpg 450w, https:\/\/villavista.pl\/wp-content\/uploads\/2023\/02\/IMG_20200302_114910-768x1365.jpg 768w, https:\/\/villavista.pl\/wp-content\/uploads\/2023\/02\/IMG_20200302_114910-864x1536.jpg 864w, https:\/\/villavista.pl\/wp-content\/uploads\/2023\/02\/IMG_20200302_114910-1152x2048.jpg 1152w, https:\/\/villavista.pl\/wp-content\/uploads\/2023\/02\/IMG_20200302_114910-scaled.jpg 1440w\" sizes=\"auto, (max-width: 576px) 100vw, 576px\" \/><\/figure>\n","protected":false},"excerpt":{"rendered":"<p>Apartament \u201eMorskie Oko\u201d \u2013 Villa Vista Apartamenty &amp; SAUNA Zakopane Zapraszamy do Apartamentu \u201eMorskie Oko\u201d w Villa Vista Apartamenty &amp; SAUNA Zakopane \u2013 komfortowego, przestronnego apartamentu w Zakopanem przeznaczonego dla maksymalnie 4 os\u00f3b. To idealne miejsce dla rodzin, par lub grup przyjaci\u00f3\u0142, kt\u00f3rzy chc\u0105 po\u0142\u0105czy\u0107 wygod\u0119 z blisko\u015bci\u0105 atrakcji Zakopanego. Lokalizacja Apartamentu \u201eMorskie Oko\u201d Villa &hellip; <\/p>\n<p class=\"link-more\"><a href=\"https:\/\/villavista.pl\/index.php\/villa-vista-zakopane-apartament-morskie-oko\/\" class=\"more-link\">Czytaj dalej<span class=\"screen-reader-text\"> \u201eApartamenty Zakopane Morskie Oko Villa Vista &#8211; 4 osobowy\u201d<\/span><\/a><\/p>\n","protected":false},"author":1,"featured_media":142,"parent":0,"menu_order":0,"comment_status":"closed","ping_status":"closed","template":"","meta":{"footnotes":""},"class_list":["post-141","page","type-page","status-publish","has-post-thumbnail","hentry"],"aioseo_notices":[],"_links":{"self":[{"href":"https:\/\/villavista.pl\/index.php\/wp-json\/wp\/v2\/pages\/141","targetHints":{"allow":["GET"]}}],"collection":[{"href":"https:\/\/villavista.pl\/index.php\/wp-json\/wp\/v2\/pages"}],"about":[{"href":"https:\/\/villavista.pl\/index.php\/wp-json\/wp\/v2\/types\/page"}],"author":[{"embeddable":true,"href":"https:\/\/villavista.pl\/index.php\/wp-json\/wp\/v2\/users\/1"}],"replies":[{"embeddable":true,"href":"https:\/\/villavista.pl\/index.php\/wp-json\/wp\/v2\/comments?post=141"}],"version-history":[{"count":32,"href":"https:\/\/villavista.pl\/index.php\/wp-json\/wp\/v2\/pages\/141\/revisions"}],"predecessor-version":[{"id":880,"href":"https:\/\/villavista.pl\/index.php\/wp-json\/wp\/v2\/pages\/141\/revisions\/880"}],"wp:featuredmedia":[{"embeddable":true,"href":"https:\/\/villavista.pl\/index.php\/wp-json\/wp\/v2\/media\/142"}],"wp:attachment":[{"href":"https:\/\/villavista.pl\/index.php\/wp-json\/wp\/v2\/media?parent=141"}],"curies":[{"name":"wp","href":"https:\/\/api.w.org\/{rel}","templated":true}]}}